{"id":77,"date":"2020-01-30T01:29:16","date_gmt":"2020-01-29T22:29:16","guid":{"rendered":"https:\/\/2020.icomaas.com\/?page_id=77"},"modified":"2020-05-30T07:59:03","modified_gmt":"2020-05-30T04:59:03","slug":"registration-fee","status":"publish","type":"page","link":"https:\/\/2020.icomaas.com\/?page_id=77","title":{"rendered":"Registration Fee"},"content":{"rendered":"[vc_row type=&#8221;full_width_background&#8221; full_screen_row_position=&#8221;middle&#8221; column_margin=&#8221;default&#8221; bg_image=&#8221;123&#8243; bg_position=&#8221;center top&#8221; bg_repeat=&#8221;no-repeat&#8221; bg_color=&#8221;#0c4a7b&#8221; scene_position=&#8221;center&#8221; text_color=&#8221;light&#8221; text_align=&#8221;center&#8221; top_padding=&#8221;5%&#8221; bottom_padding=&#8221;5%&#8221; color_overlay=&#8221;#0c4a7b&#8221; overlay_strength=&#8221;0.8&#8243; shape_divider_position=&#8221;bottom&#8221; bg_image_animation=&#8221;none&#8221; parallax_bg=&#8221;true&#8221; parallax_bg_speed=&#8221;fast&#8221; shape_type=&#8221;&#8221;][vc_column column_padding=&#8221;no-extra-padding&#8221; column_padding_position=&#8221;all&#8221; background_color_opacity=&#8221;1&#8243; background_hover_color_opacity=&#8221;1&#8243; column_link_target=&#8221;_self&#8221; column_shadow=&#8221;none&#8221; column_border_radius=&#8221;none&#8221; width=&#8221;1\/1&#8243; tablet_width_inherit=&#8221;default&#8221; tablet_text_alignment=&#8221;default&#8221; phone_text_alignment=&#8221;default&#8221; overlay_strength=&#8221;0.3&#8243; column_border_width=&#8221;none&#8221; column_border_style=&#8221;solid&#8221; bg_image_animation=&#8221;none&#8221; enable_animation=&#8221;true&#8221; animation=&#8221;fade-in&#8221;][nectar_highlighted_text color_type=&#8221;regular&#8221; highlight_color=&#8221;#ffffff&#8221; style=&#8221;full_text&#8221;]\n<h1>Registration <em><span style=\"color: #0c4a7b; line-height: 70px;\">Fee<\/span><\/em><\/h1>\n[\/nectar_highlighted_text][\/vc_column][\/vc_row][vc_row type=&#8221;full_width_background&#8221; full_screen_row_position=&#8221;middle&#8221; column_margin=&#8221;default&#8221; scene_position=&#8221;center&#8221; text_color=&#8221;dark&#8221; text_align=&#8221;left&#8221; top_padding=&#8221;7%&#8221; overlay_strength=&#8221;0.95&#8243; shape_divider_position=&#8221;bottom&#8221; bg_image_animation=&#8221;none&#8221; shape_type=&#8221;&#8221;][vc_column column_padding=&#8221;no-extra-padding&#8221; column_padding_position=&#8221;all&#8221; background_color_opacity=&#8221;1&#8243; background_hover_color_opacity=&#8221;1&#8243; column_link_target=&#8221;_self&#8221; column_shadow=&#8221;none&#8221; column_border_radius=&#8221;none&#8221; width=&#8221;1\/1&#8243; tablet_width_inherit=&#8221;default&#8221; tablet_text_alignment=&#8221;default&#8221; phone_text_alignment=&#8221;default&#8221; overlay_strength=&#8221;0.3&#8243; column_border_width=&#8221;none&#8221; column_border_style=&#8221;solid&#8221; bg_image_animation=&#8221;none&#8221; enable_animation=&#8221;true&#8221; animation=&#8221;fade-in-from-bottom&#8221;][vc_row_inner column_margin=&#8221;default&#8221; text_align=&#8221;left&#8221;][vc_column_inner column_padding=&#8221;no-extra-padding&#8221; column_padding_position=&#8221;all&#8221; centered_text=&#8221;true&#8221; background_color_opacity=&#8221;1&#8243; background_hover_color_opacity=&#8221;1&#8243; column_shadow=&#8221;none&#8221; column_border_radius=&#8221;none&#8221; column_link_target=&#8221;_self&#8221; width=&#8221;1\/1&#8243; tablet_width_inherit=&#8221;default&#8221; overlay_strength=&#8221;0.3&#8243; column_border_width=&#8221;none&#8221; column_border_style=&#8221;solid&#8221; bg_image_animation=&#8221;none&#8221; enable_animation=&#8221;true&#8221; animation=&#8221;fade-in-from-bottom&#8221;][vc_column_text css=&#8221;.vc_custom_1543173408651{margin-top: -8px !important;margin-bottom: -8px !important;}&#8221;]\n<h2>All participants have to pay the registration fees as indicated on the table below.<\/h2>\n[\/vc_column_text][\/vc_column_inner][\/vc_row_inner][vc_row_inner column_margin=&#8221;default&#8221; bottom_padding=&#8221;2%&#8221; text_align=&#8221;left&#8221;][vc_column_inner column_padding=&#8221;no-extra-padding&#8221; column_padding_position=&#8221;all&#8221; background_color_opacity=&#8221;1&#8243; background_hover_color_opacity=&#8221;1&#8243; column_shadow=&#8221;none&#8221; column_border_radius=&#8221;none&#8221; column_link_target=&#8221;_self&#8221; width=&#8221;1\/4&#8243; tablet_width_inherit=&#8221;default&#8221; overlay_strength=&#8221;0.3&#8243; column_border_width=&#8221;none&#8221; column_border_style=&#8221;solid&#8221; bg_image_animation=&#8221;none&#8221;][\/vc_column_inner][vc_column_inner column_padding=&#8221;no-extra-padding&#8221; column_padding_position=&#8221;all&#8221; background_color_opacity=&#8221;1&#8243; background_hover_color_opacity=&#8221;1&#8243; column_shadow=&#8221;none&#8221; column_border_radius=&#8221;none&#8221; column_link_target=&#8221;_self&#8221; width=&#8221;1\/2&#8243; tablet_width_inherit=&#8221;default&#8221; overlay_strength=&#8221;0.3&#8243; column_border_width=&#8221;none&#8221; column_border_style=&#8221;solid&#8221; bg_image_animation=&#8221;none&#8221; enable_animation=&#8221;true&#8221; animation=&#8221;fade-in-from-bottom&#8221; delay=&#8221;50&#8243;][vc_custom_heading text=&#8221;Please send your &#8220;RECEIPT OF PAYMENT&#8220; with your &#8220;FULL NAME&#8220; to e-mail to &#8220;info@2020.icomaas.com&#8220; after transfering money.&#8221; font_container=&#8221;tag:p|text_align:center|color:rgba(10%2C10%2C10%2C0.65)&#8221; use_theme_fonts=&#8221;yes&#8221; css_animation=&#8221;none&#8221;][\/vc_column_inner][vc_column_inner column_padding=&#8221;no-extra-padding&#8221; column_padding_position=&#8221;all&#8221; background_color_opacity=&#8221;1&#8243; background_hover_color_opacity=&#8221;1&#8243; column_shadow=&#8221;none&#8221; column_border_radius=&#8221;none&#8221; column_link_target=&#8221;_self&#8221; width=&#8221;1\/4&#8243; tablet_width_inherit=&#8221;default&#8221; overlay_strength=&#8221;0.3&#8243; column_border_width=&#8221;none&#8221; column_border_style=&#8221;solid&#8221; bg_image_animation=&#8221;none&#8221;][\/vc_column_inner][\/vc_row_inner][vc_row_inner column_margin=&#8221;default&#8221; bottom_padding=&#8221;2%&#8221; text_align=&#8221;left&#8221;][vc_column_inner column_padding=&#8221;no-extra-padding&#8221; column_padding_position=&#8221;all&#8221; background_color_opacity=&#8221;1&#8243; background_hover_color_opacity=&#8221;1&#8243; column_shadow=&#8221;none&#8221; column_border_radius=&#8221;none&#8221; column_link_target=&#8221;_self&#8221; width=&#8221;1\/1&#8243; tablet_width_inherit=&#8221;default&#8221; overlay_strength=&#8221;0.3&#8243; column_border_width=&#8221;none&#8221; column_border_style=&#8221;solid&#8221; bg_image_animation=&#8221;none&#8221; enable_animation=&#8221;true&#8221; animation=&#8221;fade-in-from-bottom&#8221;][vc_column_text]\n<table id=\"tablepress-3\" class=\"tablepress tablepress-id-3 fullwidth_tbl\">\n<tbody class=\"row-hover\">\n<tr class=\"row-1 odd\">\n\t<td class=\"column-1\"><\/td><td class=\"column-2\"><\/td><td class=\"column-3\">National<\/td><td class=\"column-4\">International<\/td>\n<\/tr>\n<tr class=\"row-2 even\">\n\t<td class=\"column-1\">1<\/td><td class=\"column-2\">Students Participants<\/td><td class=\"column-3\">250 TL<\/td><td class=\"column-4\">35 \u20ac \/ 40 $<\/td>\n<\/tr>\n<tr class=\"row-3 odd\">\n\t<td class=\"column-1\">2<\/td><td class=\"column-2\">Academic Participants<\/td><td class=\"column-3\">300 TL<\/td><td class=\"column-4\">45 \u20ac \/ 50 $<\/td>\n<\/tr>\n<\/tbody>\n<\/table>\n<!-- #tablepress-3 from cache -->[\/vc_column_text][\/vc_column_inner][\/vc_row_inner][vc_row_inner column_margin=&#8221;default&#8221; top_padding=&#8221;2%&#8221; bottom_padding=&#8221;2%&#8221; text_align=&#8221;left&#8221;][vc_column_inner column_padding=&#8221;no-extra-padding&#8221; column_padding_position=&#8221;all&#8221; background_color_opacity=&#8221;1&#8243; background_hover_color_opacity=&#8221;1&#8243; column_shadow=&#8221;none&#8221; column_border_radius=&#8221;none&#8221; column_link_target=&#8221;_self&#8221; width=&#8221;1\/1&#8243; tablet_width_inherit=&#8221;default&#8221; overlay_strength=&#8221;0.3&#8243; column_border_width=&#8221;none&#8221; column_border_style=&#8221;solid&#8221; bg_image_animation=&#8221;none&#8221; enable_animation=&#8221;true&#8221; animation=&#8221;fade-in-from-bottom&#8221;][vc_column_text css=&#8221;.vc_custom_1590814551600{padding-right: 10% !important;}&#8221;]\n<ul>\n<li style=\"color: #999999; font-size: 18px; line-height: 25px;\">Registration fees are only an online presentation fee.<\/li>\n<li style=\"color: #999999; font-size: 18px; line-height: 25px;\">Participants may appear as co-authors in different works and participants will be charged half of the full fee for each additional presentation.<\/li>\n<li style=\"color: #999999; font-size: 18px; line-height: 25px;\">Presentations with multiple authors will only receive a certificate of attendance that includes the title of the abstract to the authors presenting.<\/li>\n<li><strong><span style=\"font-size: 14pt;\">The deadline to pay the registration fee is June 17, 2020.<\/span><\/strong><\/li>\n<\/ul>\n<p style=\"color: #999999; font-size: 18px; line-height: 25px; font-weight: bold;\">You have all the extra costs that the bank you are using to make payments may require. Please pay attention when paying.<\/p>\n[\/vc_column_text][\/vc_column_inner][\/vc_row_inner][\/vc_column][\/vc_row][vc_row type=&#8221;full_width_background&#8221; full_screen_row_position=&#8221;middle&#8221; column_margin=&#8221;default&#8221; scene_position=&#8221;center&#8221; text_color=&#8221;dark&#8221; text_align=&#8221;left&#8221; bottom_padding=&#8221;2%&#8221; overlay_strength=&#8221;0.3&#8243; shape_divider_position=&#8221;bottom&#8221; bg_image_animation=&#8221;none&#8221; shape_type=&#8221;&#8221;][vc_column column_padding=&#8221;no-extra-padding&#8221; column_padding_position=&#8221;all&#8221; background_color_opacity=&#8221;1&#8243; background_hover_color_opacity=&#8221;1&#8243; column_link_target=&#8221;_self&#8221; column_shadow=&#8221;none&#8221; column_border_radius=&#8221;none&#8221; width=&#8221;1\/1&#8243; tablet_width_inherit=&#8221;default&#8221; tablet_text_alignment=&#8221;default&#8221; phone_text_alignment=&#8221;default&#8221; overlay_strength=&#8221;0.3&#8243; column_border_width=&#8221;none&#8221; column_border_style=&#8221;solid&#8221; bg_image_animation=&#8221;none&#8221;][vc_column_text css=&#8221;.vc_custom_1543174547136{margin-top: -8px !important;margin-bottom: -8px !important;}&#8221;]\n<h3>For transferring your registration fee:<\/h3>\n<h3>Bank Account Information<\/h3>\n[\/vc_column_text][toggles style=&#8221;minimal&#8221;][toggle color=&#8221;Extra-Color-2&#8243; title=&#8221;For International Participiants (EURO \u20ac)&#8221;][vc_column_text]\n<table id=\"tablepress-6\" class=\"tablepress tablepress-id-6 fullwidth_tbl\">\n<tbody class=\"row-hover\">\n<tr class=\"row-1 odd\">\n\t<td class=\"column-1\">Bank Name:<\/td><td class=\"column-2\">T.C. Ziraat Bankasi A.S.<\/td>\n<\/tr>\n<tr class=\"row-2 even\">\n\t<td class=\"column-1\">Branch Name:<\/td><td class=\"column-2\">Teknopark \/ Istanbul<\/td>\n<\/tr>\n<tr class=\"row-3 odd\">\n\t<td class=\"column-1\">Branch Code:<\/td><td class=\"column-2\">2487<\/td>\n<\/tr>\n<tr class=\"row-4 even\">\n\t<td class=\"column-1\">Account Holder Name:<\/td><td class=\"column-2\">EDUGINEER E\u011e\u0130T\u0130M ARGE YAZILIM VE DANI\u015eMANLIK A.\u015e.<\/td>\n<\/tr>\n<tr class=\"row-5 odd\">\n\t<td class=\"column-1\">Account Number:<\/td><td class=\"column-2\">79919556-5004<\/td>\n<\/tr>\n<tr class=\"row-6 even\">\n\t<td class=\"column-1\">IBAN Code (Only Euro): <\/td><td class=\"column-2\"> TR47 0001 0024 8779 9195 5650 04<\/td>\n<\/tr>\n<\/tbody>\n<\/table>\n<!-- #tablepress-6 from cache -->[\/vc_column_text][\/toggle][toggle color=&#8221;Extra-Color-2&#8243; title=&#8221;For International Participiants (US Dollar $)&#8221;][vc_column_text]\n<table id=\"tablepress-5\" class=\"tablepress tablepress-id-5 fullwidth_tbl\">\n<tbody class=\"row-hover\">\n<tr class=\"row-1 odd\">\n\t<td class=\"column-1\">Bank Name:<\/td><td class=\"column-2\">T.C. Ziraat Bankasi A.S.<\/td>\n<\/tr>\n<tr class=\"row-2 even\">\n\t<td class=\"column-1\">Branch Name:<\/td><td class=\"column-2\">Teknopark \/ Istanbul<\/td>\n<\/tr>\n<tr class=\"row-3 odd\">\n\t<td class=\"column-1\">Branch Code:<\/td><td class=\"column-2\">2487<\/td>\n<\/tr>\n<tr class=\"row-4 even\">\n\t<td class=\"column-1\">Account Holder Name:<\/td><td class=\"column-2\">EDUGINEER E\u011e\u0130T\u0130M ARGE YAZILIM VE DANI\u015eMANLIK A.\u015e.<\/td>\n<\/tr>\n<tr class=\"row-5 odd\">\n\t<td class=\"column-1\">Account Number:<\/td><td class=\"column-2\">79919556-5003<\/td>\n<\/tr>\n<tr class=\"row-6 even\">\n\t<td class=\"column-1\">IBAN Code (Only USD): <\/td><td class=\"column-2\">TR74 0001 0024 8779 9195 5650 03<\/td>\n<\/tr>\n<\/tbody>\n<\/table>\n<!-- #tablepress-5 from cache -->[\/vc_column_text][\/toggle][toggle color=&#8221;Extra-Color-2&#8243; title=&#8221;Ulusal Kat\u0131l\u0131mc\u0131lar \u0130\u00e7in (T\u00fcrk Liras\u0131 \u20ba)&#8221;][vc_column_text]\n<table id=\"tablepress-4\" class=\"tablepress tablepress-id-4 fullwidth_tbl\">\n<tbody class=\"row-hover\">\n<tr class=\"row-1 odd\">\n\t<td class=\"column-1\">Banka Ad\u0131:<\/td><td class=\"column-2\">T.C. Ziraat Bankas\u0131 A.\u015e.<\/td>\n<\/tr>\n<tr class=\"row-2 even\">\n\t<td class=\"column-1\">\u015eube Ad\u0131:<\/td><td class=\"column-2\">Teknopark \/ Istanbul<\/td>\n<\/tr>\n<tr class=\"row-3 odd\">\n\t<td class=\"column-1\">\u015eube Kodu:<\/td><td class=\"column-2\">2487<\/td>\n<\/tr>\n<tr class=\"row-4 even\">\n\t<td class=\"column-1\">Al\u0131c\u0131 Ad\u0131:<\/td><td class=\"column-2\">EDUGINEER E\u011e\u0130T\u0130M ARGE YAZILIM VE DANI\u015eMANLIK A.\u015e.<\/td>\n<\/tr>\n<tr class=\"row-5 odd\">\n\t<td class=\"column-1\">Hesap No:<\/td><td class=\"column-2\">79919556-5006<\/td>\n<\/tr>\n<tr class=\"row-6 even\">\n\t<td class=\"column-1\">IBAN Kodu (Yaln\u0131z TL): <\/td><td class=\"column-2\">TR90 0001 0024 8779 9195 5650 06<\/td>\n<\/tr>\n<\/tbody>\n<\/table>\n<!-- #tablepress-4 from cache -->[\/vc_column_text][\/toggle][toggle color=&#8221;Default&#8221; title=&#8221;Section&#8221;][vc_column_text][\/vc_column_text][\/toggle][\/toggles][\/vc_column][\/vc_row][vc_row type=&#8221;full_width_background&#8221; full_screen_row_position=&#8221;middle&#8221; column_margin=&#8221;default&#8221; scene_position=&#8221;center&#8221; text_color=&#8221;dark&#8221; text_align=&#8221;left&#8221; bottom_padding=&#8221;6%&#8221; overlay_strength=&#8221;0.3&#8243; shape_divider_position=&#8221;bottom&#8221; bg_image_animation=&#8221;none&#8221; shape_type=&#8221;&#8221;][vc_column column_padding=&#8221;no-extra-padding&#8221; column_padding_position=&#8221;all&#8221; background_color_opacity=&#8221;1&#8243; background_hover_color_opacity=&#8221;1&#8243; column_link_target=&#8221;_self&#8221; column_shadow=&#8221;none&#8221; column_border_radius=&#8221;none&#8221; width=&#8221;1\/1&#8243; tablet_width_inherit=&#8221;default&#8221; tablet_text_alignment=&#8221;default&#8221; phone_text_alignment=&#8221;default&#8221; overlay_strength=&#8221;0.3&#8243; column_border_width=&#8221;none&#8221; column_border_style=&#8221;solid&#8221; bg_image_animation=&#8221;none&#8221;][vc_column_text css=&#8221;.vc_custom_1587302801487{padding-right: 10% !important;}&#8221;]\n<p style=\"color: #999999; font-size: 18px; line-height: 25px; font-weight: bold;\">Refund Registration Fee and Cancellation Policy:<\/p>\n<ol>\n<li style=\"color: #999999; font-size: 18px; line-height: 25px;\">You can pay the conference fee online immediately to the account numbers listed above. Online presentation fees take place in two different groups as students and academic participants. The fee for students is 250 TL for national participants and 35 Euro \/ 40 USD for international participants. The fee for academic participants is 300 TL for national participants and 45 Euro \/ 50 Dollars for international participants.<\/li>\n<li style=\"color: #999999; font-size: 18px; line-height: 25px;\">For presentations that are not presented, even if payment has been made, at the end of the conference, no certificate will be given and the abstract of presentation will not be included in the abstract book.<\/li>\n<li style=\"color: #999999; font-size: 18px; line-height: 25px;\">In case of cancellation, application must be made in writing to <span style=\"color: #ff1053;\">info@2020.icomaas.com<\/span>. There will be no refund for persons who do not cancel before 10 May or do not attend the conference.<\/li>\n<li style=\"color: #999999; font-size: 18px; line-height: 25px;\">For registration cancellations made prior to 10 May, the full payment will be refunded within 3 days after the registration, in other cases half of the payment will be refunded. No registration cancellation will be made after 10 May.<\/li>\n<li style=\"color: #999999; font-size: 18px; line-height: 25px;\">If you can not attend the meeting, a substitute delegate may be appointed at no additional cost. However, the original participant should write a letter to the Organizing Committee with the cancellation letter before 1 June 2020. This information should include the name of the reserve delegate.<\/li>\n<\/ol>\n[\/vc_column_text][\/vc_column][\/vc_row]\n","protected":false},"excerpt":{"rendered":"<p>[vc_row type=&#8221;full_width_background&#8221; full_screen_row_position=&#8221;middle&#8221; column_margin=&#8221;default&#8221; bg_image=&#8221;123&#8243; bg_position=&#8221;center top&#8221; bg_repeat=&#8221;no-repeat&#8221; bg_color=&#8221;#0c4a7b&#8221; scene_position=&#8221;center&#8221; text_color=&#8221;light&#8221; text_align=&#8221;center&#8221; top_padding=&#8221;5%&#8221; bottom_padding=&#8221;5%&#8221; color_overlay=&#8221;#0c4a7b&#8221; overlay_strength=&#8221;0.8&#8243; shape_divider_position=&#8221;bottom&#8221; bg_image_animation=&#8221;none&#8221; parallax_bg=&#8221;true&#8221; parallax_bg_speed=&#8221;fast&#8221; shape_type=&#8221;&#8221;][vc_column column_padding=&#8221;no-extra-padding&#8221; column_padding_position=&#8221;all&#8221; background_color_opacity=&#8221;1&#8243; background_hover_color_opacity=&#8221;1&#8243; column_link_target=&#8221;_self&#8221; column_shadow=&#8221;none&#8221; column_border_radius=&#8221;none&#8221; width=&#8221;1\/1&#8243; tablet_width_inherit=&#8221;default&#8221;&#8230;<\/p>\n","protected":false},"author":1,"featured_media":0,"parent":0,"menu_order":0,"comment_status":"closed","ping_status":"closed","template":"","meta":[],"_links":{"self":[{"href":"https:\/\/2020.icomaas.com\/index.php?rest_route=\/wp\/v2\/pages\/77"}],"collection":[{"href":"https:\/\/2020.icomaas.com\/index.php?rest_route=\/wp\/v2\/pages"}],"about":[{"href":"https:\/\/2020.icomaas.com\/index.php?rest_route=\/wp\/v2\/types\/page"}],"author":[{"embeddable":true,"href":"https:\/\/2020.icomaas.com\/index.php?rest_route=\/wp\/v2\/users\/1"}],"replies":[{"embeddable":true,"href":"https:\/\/2020.icomaas.com\/index.php?rest_route=%2Fwp%2Fv2%2Fcomments&post=77"}],"version-history":[{"count":10,"href":"https:\/\/2020.icomaas.com\/index.php?rest_route=\/wp\/v2\/pages\/77\/revisions"}],"predecessor-version":[{"id":434,"href":"https:\/\/2020.icomaas.com\/index.php?rest_route=\/wp\/v2\/pages\/77\/revisions\/434"}],"wp:attachment":[{"href":"https:\/\/2020.icomaas.com\/index.php?rest_route=%2Fwp%2Fv2%2Fmedia&parent=77"}],"curies":[{"name":"wp","href":"https:\/\/api.w.org\/{rel}","templated":true}]}}